{"id":1057,"date":"2022-06-15T16:15:58","date_gmt":"2022-06-15T16:15:58","guid":{"rendered":"https:\/\/devsite.lsg-group.eu\/?page_id=1057"},"modified":"2023-04-03T14:55:52","modified_gmt":"2023-04-03T14:55:52","slug":"uber-uns","status":"publish","type":"page","link":"https:\/\/www.lsg-group.eu\/web-at\/uber-uns\/","title":{"rendered":"\u00dcber uns"},"content":{"rendered":"<p>Die LSG GROUP ist mit deren Vorg\u00e4ngerorganisationen seit 1997 in \u00d6sterreich aktiv. Heute ist die LSG GROUP mit folgenden Firmen am \u00f6sterreichischen Markt vertreten:<\/p>\n<p><strong>LSG Building Solutions GmbH Wien<\/strong><br \/>\n<strong>TGA Technische Geb\u00e4udeausr\u00fcstungs GmbH<\/strong><\/p>\n<p>Mit dieser breiten Aufstellung ist die LSG GROUP ein kompetenter und verl\u00e4sslicher Partner im Bereich Elektrotechnik, Haustechnik, Photovoltaikanlagen und erneuerbaren Energien f\u00fcr industrielle und kommerzielle Kunden.<\/p>\n","protected":false},"excerpt":{"rendered":"<p>Die LSG GROUP ist mit deren Vorg\u00e4ngerorganisationen seit 1997 in \u00d6sterreich aktiv. Heute ist die LSG GROUP mit folgenden Firmen am \u00f6sterreichischen Markt vertreten: LSG Building Solutions GmbH Wien TGA Technische Geb\u00e4udeausr\u00fcstungs GmbH Mit dieser breiten Aufstellung ist die LSG GROUP ein kompetenter und verl\u00e4sslicher Partner im Bereich Elektrotechnik, Haustechnik, Photovoltaikanlagen und erneuerbaren Energien f\u00fcr [&hellip;]<\/p>\n","protected":false},"author":1,"featured_media":588,"parent":0,"menu_order":0,"comment_status":"closed","ping_status":"closed","template":"contentpage_2spalten.php","meta":[],"acf":[],"_links":{"self":[{"href":"https:\/\/www.lsg-group.eu\/web-at\/wp-json\/wp\/v2\/pages\/1057"}],"collection":[{"href":"https:\/\/www.lsg-group.eu\/web-at\/wp-json\/wp\/v2\/pages"}],"about":[{"href":"https:\/\/www.lsg-group.eu\/web-at\/wp-json\/wp\/v2\/types\/page"}],"author":[{"embeddable":true,"href":"https:\/\/www.lsg-group.eu\/web-at\/wp-json\/wp\/v2\/users\/1"}],"replies":[{"embeddable":true,"href":"https:\/\/www.lsg-group.eu\/web-at\/wp-json\/wp\/v2\/comments?post=1057"}],"version-history":[{"count":13,"href":"https:\/\/www.lsg-group.eu\/web-at\/wp-json\/wp\/v2\/pages\/1057\/revisions"}],"predecessor-version":[{"id":2979,"href":"https:\/\/www.lsg-group.eu\/web-at\/wp-json\/wp\/v2\/pages\/1057\/revisions\/2979"}],"wp:featuredmedia":[{"embeddable":true,"href":"https:\/\/www.lsg-group.eu\/web-at\/wp-json\/wp\/v2\/media\/588"}],"wp:attachment":[{"href":"https:\/\/www.lsg-group.eu\/web-at\/wp-json\/wp\/v2\/media?parent=1057"}],"curies":[{"name":"wp","href":"https:\/\/api.w.org\/{rel}","templated":true}]}}