{"id":1062,"date":"2022-06-15T18:50:45","date_gmt":"2022-06-15T18:50:45","guid":{"rendered":"https:\/\/devsite.lsg-group.eu\/?page_id=1062"},"modified":"2022-11-23T12:39:36","modified_gmt":"2022-11-23T12:39:36","slug":"leistungen","status":"publish","type":"page","link":"https:\/\/www.lsg-group.eu\/web-at\/leistungen\/","title":{"rendered":"Leistungen"},"content":{"rendered":"<h1><strong>LSG LIFE CYCLE PARTNER SERVICE <\/strong><\/h1>\n<p>An die Haustechnischen Anlagen werden immer h\u00f6here Anspr\u00fcche an Komfort und Wirtschaftlichkeit gestellt. Um diese Anspr\u00fcche zu erf\u00fcllen und trotzdem in einem f\u00fcr die Investition wirtschaftlichen Rahmen zu bleiben ist eine gesamtheitliche Betrachtung der Systeme unumg\u00e4nglich. Die Koordination sowie die Schnittstellenproblematik zwischen den verschiedenen Gewerken verursachen Kosten\u00a0und f\u00fchren h\u00e4ufig zu Terminverzug. Als ganzheitlicher Anbieter \u00fcbernehmen wir f\u00fcr die Schnittstelle zwischen den Gewerken die Durchf\u00fchrungs- wie auch Kostenverantwortung. Einer kostentreuen und termingerechten Fertigstellung steht daher nichts mehr im Wege. <\/p>\n<p><strong>Als herstellerunabh\u00e4ngiger Gesamtanbieter in der Technischen Geb\u00e4udeausr\u00fcstung (TGA) bieten wir folgendes Leistungsspektrum:<\/strong> <\/p>\n<p><strong>Die LSG GROUP ist ein kompetenter Life Cycle Partner und ist daher in der Lage alle Phasen eines Projektes aus einer Hand anzubieten:<\/strong><\/p>\n<p>Projektentwicklung<br \/>Planung<br \/>Bau und Errichtung<br \/>Betriebsf\u00fchrung und Wartung<\/p>\n","protected":false},"excerpt":{"rendered":"<p>LSG LIFE CYCLE PARTNER SERVICE An die Haustechnischen Anlagen werden immer h\u00f6here Anspr\u00fcche an Komfort und Wirtschaftlichkeit gestellt. Um diese Anspr\u00fcche zu erf\u00fcllen und trotzdem in einem f\u00fcr die Investition wirtschaftlichen Rahmen zu bleiben ist eine gesamtheitliche Betrachtung der Systeme unumg\u00e4nglich. Die Koordination sowie die Schnittstellenproblematik zwischen den verschiedenen Gewerken verursachen Kosten\u00a0und f\u00fchren h\u00e4ufig zu [&hellip;]<\/p>\n","protected":false},"author":1,"featured_media":0,"parent":0,"menu_order":0,"comment_status":"closed","ping_status":"closed","template":"services_overview_at.php","meta":[],"acf":[],"_links":{"self":[{"href":"https:\/\/www.lsg-group.eu\/web-at\/wp-json\/wp\/v2\/pages\/1062"}],"collection":[{"href":"https:\/\/www.lsg-group.eu\/web-at\/wp-json\/wp\/v2\/pages"}],"about":[{"href":"https:\/\/www.lsg-group.eu\/web-at\/wp-json\/wp\/v2\/types\/page"}],"author":[{"embeddable":true,"href":"https:\/\/www.lsg-group.eu\/web-at\/wp-json\/wp\/v2\/users\/1"}],"replies":[{"embeddable":true,"href":"https:\/\/www.lsg-group.eu\/web-at\/wp-json\/wp\/v2\/comments?post=1062"}],"version-history":[{"count":4,"href":"https:\/\/www.lsg-group.eu\/web-at\/wp-json\/wp\/v2\/pages\/1062\/revisions"}],"predecessor-version":[{"id":1682,"href":"https:\/\/www.lsg-group.eu\/web-at\/wp-json\/wp\/v2\/pages\/1062\/revisions\/1682"}],"wp:attachment":[{"href":"https:\/\/www.lsg-group.eu\/web-at\/wp-json\/wp\/v2\/media?parent=1062"}],"curies":[{"name":"wp","href":"https:\/\/api.w.org\/{rel}","templated":true}]}}