{"id":1669,"date":"2022-10-07T15:00:29","date_gmt":"2022-10-07T15:00:29","guid":{"rendered":"https:\/\/devsite.lsg-group.eu\/?page_id=1669"},"modified":"2022-11-23T12:47:17","modified_gmt":"2022-11-23T12:47:17","slug":"usluge-2","status":"publish","type":"page","link":"https:\/\/www.lsg-group.eu\/web-at\/sr\/usluge-2\/","title":{"rendered":"Usluge"},"content":{"rendered":"<h3 style=\"font-weight: 300;color:black;\">Usluge<\/h3>\n<p>Za elektro instalacije i ma\u0161inska postrojenja postavljaju se sve vi\u0161i zahtevi u pogledu udobnosti i ekonomi\u010dnosti. Da bi smo mogli ispuniti te zahteve i uprkos tome ostati unutar okvira isplativih za investicije, neizbe\u017eno je razmatranje sistema u celini.<\/p>\n<p>Koordinacija, kao i problematika preklapanja izme\u0111u raznih radova, uzrokuju tro\u0161kove, a \u010desto dovode i do ka\u0161njenja u rokovima. Kao ponu\u0111a\u010d celokupnih re\u0161enja, mi za preklapanja izme\u0111u pojedinih radova preuzimamo odgovornost u pogledu izvo\u0111enja, kao i tro\u0161kova. Tako vi\u0161e ni\u0161ta ne stoji na putu zavr\u0161avanja u skladu sa bud\u017eetima i rokovima. Kao ponu\u0111a\u010d celokupnih re\u0161enja, nezavistan od proizvo\u0111a\u010da, na podru\u010dju tehni\u010dkog opremanja zgrada nudimo slede\u0107i raspon usluga:<\/p>\n<p><strong>Tehni\u010dko opremanje zgrada<\/strong><\/p>\n<p>Projektovanje<br \/>\nIzvedba instalacijskih radova<br \/>\nPrvoklasno upravljanje projektima<br \/>\nPu\u0161tanje u pogon<br \/>\nObuka osoblja<br \/>\nPopravka i intervencije<br \/>\nOdr\u017eavanje<br \/>\nObnovljivi izvori energije<\/p>\n<p><strong>LSG GRUPA je kompetentan life cycle partner te stoga u mogu\u0107nosti ponuditi sve faze projekta po principu \u201eklju\u010d u ruke\u201c:<\/strong><\/p>\n<p>Procese \u201edesign to budget\u201c<br \/>\nIzrada analiza isplativosti<br \/>\nRazvoj projekata \u2013 nekretnine i sun\u010dana energija<br \/>\nFinansiranje i analize projekata<\/p>\n","protected":false},"excerpt":{"rendered":"<p>Usluge Za elektro instalacije i ma\u0161inska postrojenja postavljaju se sve vi\u0161i zahtevi u pogledu udobnosti i ekonomi\u010dnosti. Da bi smo mogli ispuniti te zahteve i uprkos tome ostati unutar okvira isplativih za investicije, neizbe\u017eno je razmatranje sistema u celini. Koordinacija, kao i problematika preklapanja izme\u0111u raznih radova, uzrokuju tro\u0161kove, a \u010desto dovode i do ka\u0161njenja [&hellip;]<\/p>\n","protected":false},"author":1,"featured_media":0,"parent":0,"menu_order":0,"comment_status":"closed","ping_status":"closed","template":"services_overview_at.php","meta":[],"acf":[],"_links":{"self":[{"href":"https:\/\/www.lsg-group.eu\/web-at\/wp-json\/wp\/v2\/pages\/1669"}],"collection":[{"href":"https:\/\/www.lsg-group.eu\/web-at\/wp-json\/wp\/v2\/pages"}],"about":[{"href":"https:\/\/www.lsg-group.eu\/web-at\/wp-json\/wp\/v2\/types\/page"}],"author":[{"embeddable":true,"href":"https:\/\/www.lsg-group.eu\/web-at\/wp-json\/wp\/v2\/users\/1"}],"replies":[{"embeddable":true,"href":"https:\/\/www.lsg-group.eu\/web-at\/wp-json\/wp\/v2\/comments?post=1669"}],"version-history":[{"count":4,"href":"https:\/\/www.lsg-group.eu\/web-at\/wp-json\/wp\/v2\/pages\/1669\/revisions"}],"predecessor-version":[{"id":2272,"href":"https:\/\/www.lsg-group.eu\/web-at\/wp-json\/wp\/v2\/pages\/1669\/revisions\/2272"}],"wp:attachment":[{"href":"https:\/\/www.lsg-group.eu\/web-at\/wp-json\/wp\/v2\/media?parent=1669"}],"curies":[{"name":"wp","href":"https:\/\/api.w.org\/{rel}","templated":true}]}}