{"id":1719,"date":"2022-10-07T23:00:13","date_gmt":"2022-10-07T23:00:13","guid":{"rendered":"https:\/\/devsite.lsg-group.eu\/?page_id=1719"},"modified":"2022-10-07T23:01:41","modified_gmt":"2022-10-07T23:01:41","slug":"automation","status":"publish","type":"page","link":"https:\/\/www.lsg-group.eu\/web-at\/leistungen\/automation\/","title":{"rendered":"Automation"},"content":{"rendered":"<p>Wir kombinieren alle modernen Technologien f\u00fcr Kommunikations- und Automatisierungstechnik mit der langj\u00e4hrigen Erfahrungsbasis in der Regeltechnik und Geb\u00e4udeautomation. Wir verf\u00fcgen \u00fcber einen breiten Pool an facheinschl\u00e4gig ausgebildeten Technikern mit langj\u00e4hriger Erfahrung in der Branche, womit wir in der Lage sind, auch schwierige, komplexe und fach\u00fcbergreifende Herausforderungen zu l\u00f6sen. Wir sind darauf spezialisiert Prim\u00e4ranlagen und Einzelraumregelungen in einem gesamtheitlichen Konzept in angemessener Zeit und bester Qualit\u00e4t zu einem wettbewerbsf\u00e4higen Preis anzubieten.<\/p>\n<p>Der Support aller offenen Kommunikationstechniken und Bustechnologien, kombiniert mit der Offenheit der Produktwahl machen uns zu einem extrem flexiblen Partner, der auf Kundenw\u00fcnsche eingehen kann.<\/p>\n","protected":false},"excerpt":{"rendered":"<p>Wir kombinieren alle modernen Technologien f\u00fcr Kommunikations- und Automatisierungstechnik mit der langj\u00e4hrigen Erfahrungsbasis in der Regeltechnik und Geb\u00e4udeautomation. Wir verf\u00fcgen \u00fcber einen breiten Pool an facheinschl\u00e4gig ausgebildeten Technikern mit langj\u00e4hriger Erfahrung in der Branche, womit wir in der Lage sind, auch schwierige, komplexe und fach\u00fcbergreifende Herausforderungen zu l\u00f6sen. Wir sind darauf spezialisiert Prim\u00e4ranlagen und Einzelraumregelungen [&hellip;]<\/p>\n","protected":false},"author":1,"featured_media":1565,"parent":1062,"menu_order":0,"comment_status":"closed","ping_status":"closed","template":"contentpage_fullwidth.php","meta":[],"acf":[],"_links":{"self":[{"href":"https:\/\/www.lsg-group.eu\/web-at\/wp-json\/wp\/v2\/pages\/1719"}],"collection":[{"href":"https:\/\/www.lsg-group.eu\/web-at\/wp-json\/wp\/v2\/pages"}],"about":[{"href":"https:\/\/www.lsg-group.eu\/web-at\/wp-json\/wp\/v2\/types\/page"}],"author":[{"embeddable":true,"href":"https:\/\/www.lsg-group.eu\/web-at\/wp-json\/wp\/v2\/users\/1"}],"replies":[{"embeddable":true,"href":"https:\/\/www.lsg-group.eu\/web-at\/wp-json\/wp\/v2\/comments?post=1719"}],"version-history":[{"count":1,"href":"https:\/\/www.lsg-group.eu\/web-at\/wp-json\/wp\/v2\/pages\/1719\/revisions"}],"predecessor-version":[{"id":1720,"href":"https:\/\/www.lsg-group.eu\/web-at\/wp-json\/wp\/v2\/pages\/1719\/revisions\/1720"}],"up":[{"embeddable":true,"href":"https:\/\/www.lsg-group.eu\/web-at\/wp-json\/wp\/v2\/pages\/1062"}],"wp:featuredmedia":[{"embeddable":true,"href":"https:\/\/www.lsg-group.eu\/web-at\/wp-json\/wp\/v2\/media\/1565"}],"wp:attachment":[{"href":"https:\/\/www.lsg-group.eu\/web-at\/wp-json\/wp\/v2\/media?parent=1719"}],"curies":[{"name":"wp","href":"https:\/\/api.w.org\/{rel}","templated":true}]}}