{"id":1725,"date":"2022-10-07T23:03:19","date_gmt":"2022-10-07T23:03:19","guid":{"rendered":"https:\/\/devsite.lsg-group.eu\/?page_id=1725"},"modified":"2022-10-08T20:02:23","modified_gmt":"2022-10-08T20:02:23","slug":"automatizacija","status":"publish","type":"page","link":"https:\/\/www.lsg-group.eu\/web-at\/sr\/usluge-2\/automatizacija\/","title":{"rendered":"Automatizacija"},"content":{"rendered":"<p>Sa na\u0161im iskustvom u upravljanju i automatizaciji u gra\u0111evinarstvu kombinujemo  sve dostupne tehnologije za komunikaciju i automatizaciju .<\/p>\n<p>Na\u0161i visoko obrazovani  tehni\u010dari sa dugogodi\u0161njim iskustvom re\u0161avaju \u010dak i najte\u017ee, najslo\u017eenije i najzahtevnije izazove.<\/p>\n<p>Kori\u0161\u0107enje otvorene komunikacijske tehnike i BUS-tehnologije u kombinaciji sa mogu\u0107no\u0161\u0107u  izbora opreme razli\u010ditih proizvo\u0111a\u010da \u010dine nas vrlo flexibilnim i nezavisnim partnerom koji mo\u017ee odgovoriti na sve zahteve klijenata.<\/p>\n","protected":false},"excerpt":{"rendered":"<p>Sa na\u0161im iskustvom u upravljanju i automatizaciji u gra\u0111evinarstvu kombinujemo sve dostupne tehnologije za komunikaciju i automatizaciju . Na\u0161i visoko obrazovani tehni\u010dari sa dugogodi\u0161njim iskustvom re\u0161avaju \u010dak i najte\u017ee, najslo\u017eenije i najzahtevnije izazove. Kori\u0161\u0107enje otvorene komunikacijske tehnike i BUS-tehnologije u kombinaciji sa mogu\u0107no\u0161\u0107u izbora opreme razli\u010ditih proizvo\u0111a\u010da \u010dine nas vrlo flexibilnim i nezavisnim partnerom koji [&hellip;]<\/p>\n","protected":false},"author":1,"featured_media":1565,"parent":1669,"menu_order":0,"comment_status":"closed","ping_status":"closed","template":"contentpage_fullwidth.php","meta":[],"acf":[],"_links":{"self":[{"href":"https:\/\/www.lsg-group.eu\/web-at\/wp-json\/wp\/v2\/pages\/1725"}],"collection":[{"href":"https:\/\/www.lsg-group.eu\/web-at\/wp-json\/wp\/v2\/pages"}],"about":[{"href":"https:\/\/www.lsg-group.eu\/web-at\/wp-json\/wp\/v2\/types\/page"}],"author":[{"embeddable":true,"href":"https:\/\/www.lsg-group.eu\/web-at\/wp-json\/wp\/v2\/users\/1"}],"replies":[{"embeddable":true,"href":"https:\/\/www.lsg-group.eu\/web-at\/wp-json\/wp\/v2\/comments?post=1725"}],"version-history":[{"count":2,"href":"https:\/\/www.lsg-group.eu\/web-at\/wp-json\/wp\/v2\/pages\/1725\/revisions"}],"predecessor-version":[{"id":1839,"href":"https:\/\/www.lsg-group.eu\/web-at\/wp-json\/wp\/v2\/pages\/1725\/revisions\/1839"}],"up":[{"embeddable":true,"href":"https:\/\/www.lsg-group.eu\/web-at\/wp-json\/wp\/v2\/pages\/1669"}],"wp:featuredmedia":[{"embeddable":true,"href":"https:\/\/www.lsg-group.eu\/web-at\/wp-json\/wp\/v2\/media\/1565"}],"wp:attachment":[{"href":"https:\/\/www.lsg-group.eu\/web-at\/wp-json\/wp\/v2\/media?parent=1725"}],"curies":[{"name":"wp","href":"https:\/\/api.w.org\/{rel}","templated":true}]}}