{"id":2359,"date":"2022-11-01T17:43:52","date_gmt":"2022-11-01T17:43:52","guid":{"rendered":"https:\/\/devsite.lsg-group.eu\/web-ro\/?page_id=2359"},"modified":"2023-03-20T16:07:54","modified_gmt":"2023-03-20T16:07:54","slug":"certificate-pemise-membru","status":"publish","type":"page","link":"https:\/\/www.lsg-group.eu\/web-at\/ro\/despre-noi\/certificate-pemise-membru\/","title":{"rendered":"Certificate &#8211; Pemise &#8211; Membru"},"content":{"rendered":"<p><strong>Construc\u021bii industriale electrice<\/strong><\/p>\n<p><strong><span lang=\"ro\">Construirea de sisteme de alarm\u0103<\/span><\/strong><\/p>\n<p><strong>\u00cenc\u0103lzire industrial\u0103<\/strong><\/p>\n<p><strong>Refrigerare \u0219i aer condi\u021bionat industriale<\/strong><\/p>\n<p><strong>Gaze industriale \u0219i inginerie sanitar\u0103<\/strong><\/p>\n<p>&nbsp;<\/p>\n<p><em><strong>Certificarea de management al calit\u0103\u021bii conform ISO 9001: 2008 \u00eencep\u00e2nd cu 2004-2016<\/strong><\/em><\/p>\n<p><em><strong>Certificarea de management al calit\u0103\u021bii conform ISO 9001: 2015 din 2016<\/strong><\/em><\/p>\n<p>pentru consultan\u021ba, planificarea, v\u00e2nzarea \u0219i construirea de proiecte<br \/>\npentru domeniile electrice, comunica\u021bii \u0219i inginerie de securitate, managementul construc\u021biilor de locuin\u021be, tehnic \u0219i fotovoltaice<\/p>\n<p>&nbsp;<\/p>\n<p><strong><em> Certificarea de management de mediu conform ISO 14001: 2015 din 2016<\/em><\/strong><\/p>\n<p>pentru consultan\u021ba, planificarea, v\u00e2nzarea \u0219i construirea de proiecte<br \/>\n<em>pentru domeniile electrice, comunica\u021bii \u0219i inginerie de securitate, managementul construc\u021biilor, HVAC \u0219i fotovoltaice<\/em><\/p>\n<p><em>\u00a0<\/em><\/p>\n<p><strong><em>Certificarea de management al siguran\u021bei \u0219i s\u0103n\u0103tate la locul de munc\u0103, conform OHSAS 18001: 2007 din 2016\u00a0 &#8211; 2019<\/em><\/strong><br \/>\n<strong> Certificarea de gestionare a s\u0103n\u0103t\u0103\u021bii \u0219i securit\u0103\u021bii \u00een munc\u0103 conform ISO 45001 din 2019<\/strong><\/p>\n<p><em>pentru consultan\u021ba, planificarea, v\u00e2nzarea \u0219i construirea de proiecte<\/em><br \/>\n<em>pentru domeniile electrice, comunica\u021bii \u0219i inginerie de securitate, managementul construc\u021biilor de locuin\u021be, tehnic \u0219i fotovoltaice<\/em><\/p>\n<p><em>\u00a0<\/em><\/p>\n<p><em><strong>Certificare ca specialist pentru sisteme de detectare a incendiilor conform. \u00d6NORMF3700<\/strong><\/em><\/p>\n<p><em>pentru planificare, proiectare, asamblare, punere \u00een func\u021biune \u0219i \u00eentre\u021binere<\/em><br \/>\n<em>de la Esser Brandmeldesystems 800xx, control IQ8 \u0219i control FlexEs (din 2012)<\/em><\/p>\n<p><em>\u00a0<\/em><\/p>\n<p><strong><em>FlexES-Partner &#8211; sisteme de detectare incendii Honeywell Life Safety Esser<\/em><\/strong><\/p>\n<p><em>Membru al cercului partenerilor special selecta\u021bi \u0219i califica\u021bi pentru noul sistem inovativ \u0219i orientat spre viitor, de detectare incendii de la Esser.<\/em><\/p>\n<p><em>\u00a0<\/em><\/p>\n<p><strong><em>Certificare ca specialist pentru sisteme de urgen\u021b\u0103 electroacustice (ENS) conf. \u00d6NORM F 3074 din 2012<\/em><\/strong><\/p>\n<p><em>pentru planificarea, proiectarea, instalarea, punerea \u00een func\u021biune \u0219i \u00eentre\u021binerea Esser-ENS Variodyn D1<\/em><\/p>\n<p><em>\u00a0<\/em><\/p>\n<p><b><i>Manager de instalare autorizat R &amp; M Freenet din 2001<\/i><\/b> <i>pentru stabilirea \u0219i prezentarea garan\u021biei sistemului R &amp; M<\/i><\/p>\n<p>&nbsp;<\/p>\n<p>&nbsp;<\/p>\n<p><strong><em>Certificat de conduit\u0103 de la Caster Austria al contractorilor\u00a0<\/em><\/strong><\/p>\n<p><span style=\"text-decoration: underline;\"><span style=\"color: #0563c1; line-height: 105%; font-family: 'Segoe UI','sans-serif'; font-size: 10pt;\"><a href=\"https:\/\/lgu.ankoe.at\/fz\/wbpkmst\"><span style=\"color: #0563c1;\">https:\/\/lgu.ankoe.at\/fz\/wbpkmst<\/span><\/a><\/span><\/span><\/p>\n<p>&nbsp;<\/p>\n<p><em><strong>Membru al asocia\u021biei federale Austria Fotovoltaic\u0103 \u00eencep\u00e2nd cu anul 2020<\/strong><\/em><\/p>\n","protected":false},"excerpt":{"rendered":"<p>Construc\u021bii industriale electrice Construirea de sisteme de alarm\u0103 \u00cenc\u0103lzire industrial\u0103 Refrigerare \u0219i aer condi\u021bionat industriale Gaze industriale \u0219i inginerie sanitar\u0103 &nbsp; Certificarea de management al calit\u0103\u021bii conform ISO 9001: 2008 \u00eencep\u00e2nd cu 2004-2016 Certificarea de management al calit\u0103\u021bii conform ISO 9001: 2015 din 2016 pentru consultan\u021ba, planificarea, v\u00e2nzarea \u0219i construirea de proiecte pentru domeniile electrice, [&hellip;]<\/p>\n","protected":false},"author":1,"featured_media":0,"parent":1845,"menu_order":0,"comment_status":"closed","ping_status":"closed","template":"contentpage_fullwidth_nohero.php","meta":[],"acf":[],"_links":{"self":[{"href":"https:\/\/www.lsg-group.eu\/web-at\/wp-json\/wp\/v2\/pages\/2359"}],"collection":[{"href":"https:\/\/www.lsg-group.eu\/web-at\/wp-json\/wp\/v2\/pages"}],"about":[{"href":"https:\/\/www.lsg-group.eu\/web-at\/wp-json\/wp\/v2\/types\/page"}],"author":[{"embeddable":true,"href":"https:\/\/www.lsg-group.eu\/web-at\/wp-json\/wp\/v2\/users\/1"}],"replies":[{"embeddable":true,"href":"https:\/\/www.lsg-group.eu\/web-at\/wp-json\/wp\/v2\/comments?post=2359"}],"version-history":[{"count":8,"href":"https:\/\/www.lsg-group.eu\/web-at\/wp-json\/wp\/v2\/pages\/2359\/revisions"}],"predecessor-version":[{"id":2907,"href":"https:\/\/www.lsg-group.eu\/web-at\/wp-json\/wp\/v2\/pages\/2359\/revisions\/2907"}],"up":[{"embeddable":true,"href":"https:\/\/www.lsg-group.eu\/web-at\/wp-json\/wp\/v2\/pages\/1845"}],"wp:attachment":[{"href":"https:\/\/www.lsg-group.eu\/web-at\/wp-json\/wp\/v2\/media?parent=2359"}],"curies":[{"name":"wp","href":"https:\/\/api.w.org\/{rel}","templated":true}]}}