{"id":1220,"date":"2022-09-15T12:34:43","date_gmt":"2022-09-15T12:34:43","guid":{"rendered":"https:\/\/devsite.lsg-group.eu\/home-en-hrvatski\/"},"modified":"2023-03-20T12:07:26","modified_gmt":"2023-03-20T12:07:26","slug":"home-en-hrvatski","status":"publish","type":"page","link":"https:\/\/www.lsg-group.eu\/web-hr\/","title":{"rendered":"Home HR"},"content":{"rendered":"<div class=\"welcome-text\">\n<h1>Dobrodo\u0161li!<\/h1>\n<\/div>\n<p>Dobro do\u0161li u LSG GROUP, Va\u0161em partneru za integriranu tehniku u zgradarstvu, tehni\u010dku infrastrukturu i obnovljive energije.<\/p>\n<p>Prate\u0107i \u017eivotni ciklus jednog projekta, na\u0161im kupcima mo\u017eemo ponuditi projekte po principu \u201eklju\u010d u ruke\u201c i to od savjetovanja, razvoja i planiranja preko opremanja pa sve do servisa, odr\u017eavanja i upravljanja.<\/p>\n<p>Temeljem\u00a0jake\u00a0 prezentacije na lokalnim tr\u017ei\u0161tima srednje i isto\u010dne Europe, LSG GROUP nudi\u00a0svojim internacionalnim kupcima i partnerima maksimalan Know \u2013 How i visoku kvalitetu u realizaciji projekata.<\/p>\n<p>Na\u0161 koncept i njegov uspjeh u zadnjih par godina dokazali smo s velikim brojem realiziranih projekata na tr\u017ei\u0161tu.<\/p>\n<p>Istra\u017eite sami!<\/p>\n","protected":false},"excerpt":{"rendered":"<p>Dobrodo\u0161li! Dobro do\u0161li u LSG GROUP, Va\u0161em partneru za integriranu tehniku u zgradarstvu, tehni\u010dku infrastrukturu i obnovljive energije. Prate\u0107i \u017eivotni ciklus jednog projekta, na\u0161im kupcima mo\u017eemo ponuditi projekte po principu \u201eklju\u010d u ruke\u201c i to od savjetovanja, razvoja i planiranja preko opremanja pa sve do servisa, odr\u017eavanja i upravljanja. Temeljem\u00a0jake\u00a0 prezentacije na lokalnim tr\u017ei\u0161tima srednje [&hellip;]<\/p>\n","protected":false},"author":1,"featured_media":652,"parent":0,"menu_order":0,"comment_status":"closed","ping_status":"closed","template":"","meta":[],"acf":[],"_links":{"self":[{"href":"https:\/\/www.lsg-group.eu\/web-hr\/wp-json\/wp\/v2\/pages\/1220"}],"collection":[{"href":"https:\/\/www.lsg-group.eu\/web-hr\/wp-json\/wp\/v2\/pages"}],"about":[{"href":"https:\/\/www.lsg-group.eu\/web-hr\/wp-json\/wp\/v2\/types\/page"}],"author":[{"embeddable":true,"href":"https:\/\/www.lsg-group.eu\/web-hr\/wp-json\/wp\/v2\/users\/1"}],"replies":[{"embeddable":true,"href":"https:\/\/www.lsg-group.eu\/web-hr\/wp-json\/wp\/v2\/comments?post=1220"}],"version-history":[{"count":17,"href":"https:\/\/www.lsg-group.eu\/web-hr\/wp-json\/wp\/v2\/pages\/1220\/revisions"}],"predecessor-version":[{"id":3037,"href":"https:\/\/www.lsg-group.eu\/web-hr\/wp-json\/wp\/v2\/pages\/1220\/revisions\/3037"}],"wp:featuredmedia":[{"embeddable":true,"href":"https:\/\/www.lsg-group.eu\/web-hr\/wp-json\/wp\/v2\/media\/652"}],"wp:attachment":[{"href":"https:\/\/www.lsg-group.eu\/web-hr\/wp-json\/wp\/v2\/media?parent=1220"}],"curies":[{"name":"wp","href":"https:\/\/api.w.org\/{rel}","templated":true}]}}