{"id":1526,"date":"2022-10-06T14:43:24","date_gmt":"2022-10-06T14:43:24","guid":{"rendered":"https:\/\/devsite.lsg-group.eu\/?page_id=1526"},"modified":"2022-11-16T15:08:26","modified_gmt":"2022-11-16T15:08:26","slug":"datenschutz","status":"publish","type":"page","link":"https:\/\/www.lsg-group.eu\/web-hr\/de\/uber-uns\/datenschutz\/","title":{"rendered":"Datenschutz"},"content":{"rendered":"<p><strong>SVRHA<\/strong><\/p>\n<p>Osobne podatke koje ste dostavili LSG Building Solutions d.o.o., Zagreb, Karlova\u010dka c. 203A, OIB: 94444466973 slanjem upita za ponudu ili natje\u010daje (Va\u0161e ime i e-mail adresa), LSG Building Solutions d.o.o. obra\u0111uje u svrhu obrade istih.<\/p>\n<p><strong>PRAVNI OSNOV<\/strong><\/p>\n<p>Obrada Va\u0161ih podataka odvija se na temelju Va\u0161eg pristanka koji je mogu\u0107 i dopu\u0161ten temeljem \u010dlanka 6. stavka 1. to\u010dke (a) UREDBE (EU) 2016\/679 EUROPSKOG PARLAMENTA I VIJE\u0106A od 27. travnja 2016. o za\u0161titi pojedinaca u vezi s obradom osobnih podataka i o slobodnom kretanju takvih podataka te o stavljanju izvan snage Direktive 95\/46\/EZ (Op\u0107a uredba o za\u0161titi podataka).<\/p>\n<p>Gore navedene podatke dostavljate LSG Building Solutions d.o.o. bez ikakvih pravnih ili ugovornih obveza. Me\u0111utim, obrada Va\u0161ih dostavljenih podataka potrebna je kako bi LSG Building Solutions d.o.o. bio u mogu\u0107nosti poslati Vam ponudu.<\/p>\n<p>Imate pravo povu\u0107i Va\u0161 pristanak u bilo kojem trenutku bez naknade. Do trenutka povla\u010denja Va\u0161eg pristanka, obrada je zakonita. Ukoliko \u017eelite povu\u0107i Va\u0161 pristanak, to mo\u017eete u\u010diniti slanjem e-mail poruke na adresu: <a href=\"mailto:zastitapodataka@lsg-group.eu\">zastitapodataka@lsg-group.eu<\/a>.<\/p>\n<p><strong>POHRANA\/BRISANJE<\/strong><\/p>\n<p>Povla\u010denje Va\u0161eg pristanka odjavom pretplate s newslettera, bit \u0107e zabilje\u017eeno u bazi podataka. Kona\u010dno brisanje Va\u0161ih podataka uslijedit \u0107e u roku od mjesec dana ra\u010dunaju\u0107i od dana povla\u010denja pristanka.<\/p>\n<p><strong>IZVR\u0160ITELJ OBRADE<\/strong><\/p>\n<p>Izvr\u0161itelj obrade je LSG Building Solutions d.o.o. Va\u0161i se podaci ne dostavljaju nikom drugome.<\/p>\n<p><strong>VA\u0160A PRAVA<\/strong><\/p>\n<p>Imate pravo na pristup Va\u0161im osobnim podacima (\u010dl.15. Op\u0107e uredbe o za\u0161titi podataka), zatim pravo \u00a0na ispravak (\u010dl.16. Op\u0107e uredbe o za\u0161titi podataka), na brisanje Va\u0161ih podataka (\u010dl.17. Op\u0107e uredbe o za\u0161titi podataka), pravo na ograni\u010denje obrade (\u010dl.18. Op\u0107e uredbe o za\u0161titi podataka), pravo na prenosivost podataka (\u010dl.20. Op\u0107e uredbe o za\u0161titi podataka) te pravo na prigovor (\u010dl.21. Op\u0107e uredbe o za\u0161titi podataka) u skladu s uvjetima navedenim u Op\u0107oj uredbi o za\u0161titi podataka.<\/p>\n<p>Ukoliko \u017eelite iskoristiti bilo koje od navedenih prava, kontaktirajte LSG Building Solutions d.o.o. (pojedinosti o kontaktu navedene u nastavku).<\/p>\n<p>Ukoliko smatrate da obrada osobnih podataka na bilo koji na\u010din povre\u0111uje Va\u0161a prava, slobodno nas obavijestite o Va\u0161oj zabrinutosti (pojedinosti o kontaktu navedene u nastavku).<\/p>\n<p>Osim navedenog, ukoliko smatrate da obrada osobnih podataka na bilo koji na\u010din povre\u0111uje Va\u0161a prava, imate pravo prigovora Agenciji za za\u0161titu osobnih podataka.<\/p>\n<p><strong>KONTAKT PODACI<\/strong><\/p>\n<p>Mo\u017eete nas kontaktirati:<\/p>\n<p>e-mailom na adresu: <a href=\"mailto:zastitapodataka@lsg-group.eu\">zastitapodataka@lsg-group.eu<\/a><\/p>\n","protected":false},"excerpt":{"rendered":"<p>SVRHA Osobne podatke koje ste dostavili LSG Building Solutions d.o.o., Zagreb, Karlova\u010dka c. 203A, OIB: 94444466973 slanjem upita za ponudu ili natje\u010daje (Va\u0161e ime i e-mail adresa), LSG Building Solutions d.o.o. obra\u0111uje u svrhu obrade istih. PRAVNI OSNOV Obrada Va\u0161ih podataka odvija se na temelju Va\u0161eg pristanka koji je mogu\u0107 i dopu\u0161ten temeljem \u010dlanka 6. [&hellip;]<\/p>\n","protected":false},"author":1,"featured_media":0,"parent":1057,"menu_order":0,"comment_status":"closed","ping_status":"closed","template":"contentpage_fullwidth_nohero.php","meta":[],"acf":[],"_links":{"self":[{"href":"https:\/\/www.lsg-group.eu\/web-hr\/wp-json\/wp\/v2\/pages\/1526"}],"collection":[{"href":"https:\/\/www.lsg-group.eu\/web-hr\/wp-json\/wp\/v2\/pages"}],"about":[{"href":"https:\/\/www.lsg-group.eu\/web-hr\/wp-json\/wp\/v2\/types\/page"}],"author":[{"embeddable":true,"href":"https:\/\/www.lsg-group.eu\/web-hr\/wp-json\/wp\/v2\/users\/1"}],"replies":[{"embeddable":true,"href":"https:\/\/www.lsg-group.eu\/web-hr\/wp-json\/wp\/v2\/comments?post=1526"}],"version-history":[{"count":7,"href":"https:\/\/www.lsg-group.eu\/web-hr\/wp-json\/wp\/v2\/pages\/1526\/revisions"}],"predecessor-version":[{"id":2447,"href":"https:\/\/www.lsg-group.eu\/web-hr\/wp-json\/wp\/v2\/pages\/1526\/revisions\/2447"}],"up":[{"embeddable":true,"href":"https:\/\/www.lsg-group.eu\/web-hr\/wp-json\/wp\/v2\/pages\/1057"}],"wp:attachment":[{"href":"https:\/\/www.lsg-group.eu\/web-hr\/wp-json\/wp\/v2\/media?parent=1526"}],"curies":[{"name":"wp","href":"https:\/\/api.w.org\/{rel}","templated":true}]}}