{"id":1797,"date":"2022-10-08T18:50:46","date_gmt":"2022-10-08T18:50:46","guid":{"rendered":"https:\/\/devsite.lsg-group.eu\/?page_id=1797"},"modified":"2022-11-16T15:05:13","modified_gmt":"2022-11-16T15:05:13","slug":"organizacija","status":"publish","type":"page","link":"https:\/\/www.lsg-group.eu\/web-hr\/sr\/o-nama-2\/organizacija\/","title":{"rendered":"Organizacija"},"content":{"rendered":"<p  >Kancelarija u Zagrebu je regionalno sedi\u0161te iz kojeg se upravlja tr\u017ei\u0161tem Srbije, Makedonije i Bosne i Hercegovine.<\/p>\n<p  ><strong>Direktor<\/strong><\/p>\n<p  >Werner Schoissengeier<br \/>\n<a style=\"font-weight: inherit;font-style: inherit;color: #8a8a8a\" href=\"mailto:Werner.s@lsg-group.eu\">werner.s@lsg-group.eu<\/a><\/p>\n<p  ><strong>Finansije<\/strong><\/p>\n<p  >Tvrtko Galac<br \/>\n<a style=\"font-weight: inherit;font-style: inherit;color: #8a8a8a\" href=\"mailto:Tvrtko.galac@lsg-group.eu\">tvrtko.galac@lsg-group.eu<\/a><\/p>\n<p  ><strong>Nabavka i logistika\u00a0\u00a0\u00a0<\/strong><\/p>\n<p  >Danijela Hegolj<br \/>\n<a style=\"font-weight: inherit;font-style: inherit;color: #8a8a8a\" href=\"mailto:Danijela.hegolj@lsg-group.eu\">danijela.hegolj@lsg-group.eu<\/a><\/p>\n<p  ><strong>Ma\u0161instvo\u00a0\u00a0<\/strong><\/p>\n<p  >Josip Fer\u010dec<br \/>\n<a style=\"font-weight: inherit;font-style: inherit;color: #8a8a8a\" href=\"mailto:josip.fercec@lsg-group.eu\">josip.fercec@lsg-group.eu<\/a><\/p>\n<p  ><strong>Elektrotehnika\u00a0\u00a0\u00a0<\/strong><\/p>\n<p  >\n<p  ><strong>Monta\u017ea i odr\u017eavanje<\/strong><\/p>\n<p  >Luka \u010cuki\u0107<br \/>\n<a style=\"font-weight: inherit;font-style: inherit;color: #8a8a8a\" href=\"mailto:Luka.cukic@lsg-group.eu\">luka.cukic@lsg-group.eu<\/a><\/p>\n","protected":false},"excerpt":{"rendered":"<p>Kancelarija u Zagrebu je regionalno sedi\u0161te iz kojeg se upravlja tr\u017ei\u0161tem Srbije, Makedonije i Bosne i Hercegovine. Direktor Werner Schoissengeier werner.s@lsg-group.eu Finansije Tvrtko Galac tvrtko.galac@lsg-group.eu Nabavka i logistika\u00a0\u00a0\u00a0 Danijela Hegolj danijela.hegolj@lsg-group.eu Ma\u0161instvo\u00a0\u00a0 Josip Fer\u010dec josip.fercec@lsg-group.eu Elektrotehnika\u00a0\u00a0\u00a0 Monta\u017ea i odr\u017eavanje Luka \u010cuki\u0107 luka.cukic@lsg-group.eu<\/p>\n","protected":false},"author":1,"featured_media":0,"parent":1630,"menu_order":0,"comment_status":"closed","ping_status":"closed","template":"contentpage_fullwidth_nohero.php","meta":[],"acf":[],"_links":{"self":[{"href":"https:\/\/www.lsg-group.eu\/web-hr\/wp-json\/wp\/v2\/pages\/1797"}],"collection":[{"href":"https:\/\/www.lsg-group.eu\/web-hr\/wp-json\/wp\/v2\/pages"}],"about":[{"href":"https:\/\/www.lsg-group.eu\/web-hr\/wp-json\/wp\/v2\/types\/page"}],"author":[{"embeddable":true,"href":"https:\/\/www.lsg-group.eu\/web-hr\/wp-json\/wp\/v2\/users\/1"}],"replies":[{"embeddable":true,"href":"https:\/\/www.lsg-group.eu\/web-hr\/wp-json\/wp\/v2\/comments?post=1797"}],"version-history":[{"count":8,"href":"https:\/\/www.lsg-group.eu\/web-hr\/wp-json\/wp\/v2\/pages\/1797\/revisions"}],"predecessor-version":[{"id":2444,"href":"https:\/\/www.lsg-group.eu\/web-hr\/wp-json\/wp\/v2\/pages\/1797\/revisions\/2444"}],"up":[{"embeddable":true,"href":"https:\/\/www.lsg-group.eu\/web-hr\/wp-json\/wp\/v2\/pages\/1630"}],"wp:attachment":[{"href":"https:\/\/www.lsg-group.eu\/web-hr\/wp-json\/wp\/v2\/media?parent=1797"}],"curies":[{"name":"wp","href":"https:\/\/api.w.org\/{rel}","templated":true}]}}