{"id":1057,"date":"2022-06-15T16:15:58","date_gmt":"2022-06-15T16:15:58","guid":{"rendered":"https:\/\/devsite.lsg-group.eu\/?page_id=1057"},"modified":"2022-11-01T19:13:01","modified_gmt":"2022-11-01T19:13:01","slug":"uber-uns","status":"publish","type":"page","link":"https:\/\/www.lsg-group.eu\/web-ro\/de\/uber-uns\/","title":{"rendered":"\u00dcber uns"},"content":{"rendered":"<p>Seit 2006 gibt es eine Niederlassung\u00a0 und eine Tochter\u00a0der LSG Group in Rum\u00e4nien. LSG Building Solutions S.R.L. entwickelte sich rasch zu einem der f\u00fchrenden Lieferanten f\u00fcr HKLS- und Elektrotechnik. Von unserem Standort aus bedienen wir den gesamten rum\u00e4nischen Markt.<\/p>\n<p>Die LSG Group ist ein kompetenter und verl\u00e4sslicher Partner\u00a0 in HKLS- und Elektrotechnik sowie Automation f\u00fcr Kunden in Industrie und Gewerbe. Wir bieten au\u00dferdem unsere Dienste f\u00fcr Projekte in erneuerbaren Energien wie Windparks, Photovoltaikkraftwerke etc. an, beginned mit der Entwicklung und dem Bau (EPC), bis hin zur Inbetriebnahme &amp; Wartung.<\/p>\n","protected":false},"excerpt":{"rendered":"<p>Seit 2006 gibt es eine Niederlassung\u00a0 und eine Tochter\u00a0der LSG Group in Rum\u00e4nien. LSG Building Solutions S.R.L. entwickelte sich rasch zu einem der f\u00fchrenden Lieferanten f\u00fcr HKLS- und Elektrotechnik. Von unserem Standort aus bedienen wir den gesamten rum\u00e4nischen Markt. Die LSG Group ist ein kompetenter und verl\u00e4sslicher Partner\u00a0 in HKLS- und Elektrotechnik sowie Automation f\u00fcr [&hellip;]<\/p>\n","protected":false},"author":1,"featured_media":588,"parent":0,"menu_order":0,"comment_status":"closed","ping_status":"closed","template":"contentpage_fullwidth.php","meta":[],"acf":[],"_links":{"self":[{"href":"https:\/\/www.lsg-group.eu\/web-ro\/wp-json\/wp\/v2\/pages\/1057"}],"collection":[{"href":"https:\/\/www.lsg-group.eu\/web-ro\/wp-json\/wp\/v2\/pages"}],"about":[{"href":"https:\/\/www.lsg-group.eu\/web-ro\/wp-json\/wp\/v2\/types\/page"}],"author":[{"embeddable":true,"href":"https:\/\/www.lsg-group.eu\/web-ro\/wp-json\/wp\/v2\/users\/1"}],"replies":[{"embeddable":true,"href":"https:\/\/www.lsg-group.eu\/web-ro\/wp-json\/wp\/v2\/comments?post=1057"}],"version-history":[{"count":5,"href":"https:\/\/www.lsg-group.eu\/web-ro\/wp-json\/wp\/v2\/pages\/1057\/revisions"}],"predecessor-version":[{"id":2414,"href":"https:\/\/www.lsg-group.eu\/web-ro\/wp-json\/wp\/v2\/pages\/1057\/revisions\/2414"}],"wp:featuredmedia":[{"embeddable":true,"href":"https:\/\/www.lsg-group.eu\/web-ro\/wp-json\/wp\/v2\/media\/588"}],"wp:attachment":[{"href":"https:\/\/www.lsg-group.eu\/web-ro\/wp-json\/wp\/v2\/media?parent=1057"}],"curies":[{"name":"wp","href":"https:\/\/api.w.org\/{rel}","templated":true}]}}