{"id":1259,"date":"2022-10-04T18:00:41","date_gmt":"2022-10-04T18:00:41","guid":{"rendered":"https:\/\/devsite.lsg-group.eu\/?page_id=1259"},"modified":"2022-11-01T19:09:42","modified_gmt":"2022-11-01T19:09:42","slug":"o-nama","status":"publish","type":"page","link":"https:\/\/www.lsg-group.eu\/web-ro\/hr\/o-nama\/","title":{"rendered":"O nama"},"content":{"rendered":"<p>LSG GROUP prisutna je u Rumunjskoj s podru\u017enicom i lokalnim poduze\u0107em od 2006. Godine. Tvrtka LSG Building Solutions S.R.L. brzo se razvila u jednog od vode\u0107ih pru\u017eatelja strojarskih i elektro usluga u Rumunjskoj. S na\u0161e lokacije u sredi\u0161tu Bukure\u0161ta poslu\u017eujemo kompletno rumunjsko tr\u017ei\u0161te.<\/p>\n<p>LSG GROUP je kompententan i pouzdan partner za strojarske i elektro usluge i automatizaciju za na\u0161e klijente u industriji i trgovini. Mo\u017eemo ponuditi i usluge u projektima obnovljive energije, kao \u0161to su vjetroelektrane, solarne elektrane, itd., uklju\u010duju\u0107i cjelokupni razvoj i izgradnju (in\u017eenjering, nabava, izgradnja) te rad i odr\u017eavanje.<\/p>\n","protected":false},"excerpt":{"rendered":"<p>LSG GROUP prisutna je u Rumunjskoj s podru\u017enicom i lokalnim poduze\u0107em od 2006. Godine. Tvrtka LSG Building Solutions S.R.L. brzo se razvila u jednog od vode\u0107ih pru\u017eatelja strojarskih i elektro usluga u Rumunjskoj. S na\u0161e lokacije u sredi\u0161tu Bukure\u0161ta poslu\u017eujemo kompletno rumunjsko tr\u017ei\u0161te. LSG GROUP je kompententan i pouzdan partner za strojarske i elektro usluge [&hellip;]<\/p>\n","protected":false},"author":1,"featured_media":588,"parent":0,"menu_order":0,"comment_status":"closed","ping_status":"closed","template":"contentpage_fullwidth.php","meta":[],"acf":[],"_links":{"self":[{"href":"https:\/\/www.lsg-group.eu\/web-ro\/wp-json\/wp\/v2\/pages\/1259"}],"collection":[{"href":"https:\/\/www.lsg-group.eu\/web-ro\/wp-json\/wp\/v2\/pages"}],"about":[{"href":"https:\/\/www.lsg-group.eu\/web-ro\/wp-json\/wp\/v2\/types\/page"}],"author":[{"embeddable":true,"href":"https:\/\/www.lsg-group.eu\/web-ro\/wp-json\/wp\/v2\/users\/1"}],"replies":[{"embeddable":true,"href":"https:\/\/www.lsg-group.eu\/web-ro\/wp-json\/wp\/v2\/comments?post=1259"}],"version-history":[{"count":3,"href":"https:\/\/www.lsg-group.eu\/web-ro\/wp-json\/wp\/v2\/pages\/1259\/revisions"}],"predecessor-version":[{"id":2416,"href":"https:\/\/www.lsg-group.eu\/web-ro\/wp-json\/wp\/v2\/pages\/1259\/revisions\/2416"}],"wp:featuredmedia":[{"embeddable":true,"href":"https:\/\/www.lsg-group.eu\/web-ro\/wp-json\/wp\/v2\/media\/588"}],"wp:attachment":[{"href":"https:\/\/www.lsg-group.eu\/web-ro\/wp-json\/wp\/v2\/media?parent=1259"}],"curies":[{"name":"wp","href":"https:\/\/api.w.org\/{rel}","templated":true}]}}