{"id":1507,"date":"2022-10-06T13:53:10","date_gmt":"2022-10-06T13:53:10","guid":{"rendered":"https:\/\/devsite.lsg-group.eu\/?page_id=1507"},"modified":"2022-10-07T23:11:19","modified_gmt":"2022-10-07T23:11:19","slug":"vik","status":"publish","type":"page","link":"https:\/\/www.lsg-group.eu\/web-rs\/hr\/usluge\/vik\/","title":{"rendered":"Vik"},"content":{"rendered":"<p><strong>Vodovod i kanalizacija<\/strong><\/p>\n<p>Tehnika vodovoda i kanalizacije predstavlja zna\u010dajne radove, i to ne samo kod industrijskih postrojenja. Na\u0161i tehni\u010dari zajedno s investitorom izra\u0111uju optimalna rje\u0161enja s obzirom na komfor i intenzivnim savjetovanjem se ve\u0107 u fazi izvo\u0111enja trude \u0161to vi\u0161e smanjiti operativne tro\u0161kove.<\/p>\n<p>Kod velikih projekata te\u017ei\u0161te u koncepciji postrojenja stavljamo prije svega na fleksibilnost da bismo bili pripremljeni na budu\u0107a pro\u0161irenja i preinake.<\/p>\n<div class=\"row\">\n<div class=\"sepperator col-lg-4 col-md-6 col-lg-4 col-xl-4 \">\n<div class=\"overflow\" style=\"min-height: 210px; height: 240px;\">\n<a href=\"\/wp-content\/uploads\/sites\/5\/2022\/10\/VIK_001_WEB.jpg\" data-lightbox=\"roadtrip\"><br \/>\n<img decoding=\"async\" class=\"img-fluid \" src=\"\/wp-content\/uploads\/sites\/5\/2022\/10\/VIK_001_WEB.jpg\" \/><br \/>\n<\/a><\/div>\n<\/div>\n<div class=\"sepperator col-lg-4 col-md-6 col-lg-4 col-xl-4 \">\n<div class=\"overflow\" style=\"min-height: 210px; height: 240px;\">\n<a href=\"\/wp-content\/uploads\/sites\/5\/2022\/10\/VIK_002_WEB.jpg\" data-lightbox=\"roadtrip\"><br \/>\n<img decoding=\"async\" class=\"img-fluid \" src=\"\/wp-content\/uploads\/sites\/5\/2022\/10\/VIK_002_WEB.jpg\" \/><br \/>\n<\/a><\/div>\n<\/div>\n<div class=\"sepperator col-lg-4 col-md-6 col-lg-4 col-xl-4 \">\n<div class=\"overflow\" style=\"min-height: 210px; height: 240px;\">\n<a href=\"\/wp-content\/uploads\/sites\/5\/2022\/10\/VIK_003_WEB.jpg\" data-lightbox=\"roadtrip\"><br \/>\n<img decoding=\"async\" class=\"img-fluid \" src=\"\/wp-content\/uploads\/sites\/5\/2022\/10\/VIK_003_WEB.jpg\" \/><br \/>\n<\/a><\/div>\n<\/div>\n<\/div>\n","protected":false},"excerpt":{"rendered":"<p>Vodovod i kanalizacija Tehnika vodovoda i kanalizacije predstavlja zna\u010dajne radove, i to ne samo kod industrijskih postrojenja. Na\u0161i tehni\u010dari zajedno s investitorom izra\u0111uju optimalna rje\u0161enja s obzirom na komfor i intenzivnim savjetovanjem se ve\u0107 u fazi izvo\u0111enja trude \u0161to vi\u0161e smanjiti operativne tro\u0161kove. Kod velikih projekata te\u017ei\u0161te u koncepciji postrojenja stavljamo prije svega na fleksibilnost [&hellip;]<\/p>\n","protected":false},"author":1,"featured_media":741,"parent":1270,"menu_order":0,"comment_status":"closed","ping_status":"closed","template":"contentpage_fullwidth.php","meta":[],"acf":[],"_links":{"self":[{"href":"https:\/\/www.lsg-group.eu\/web-rs\/wp-json\/wp\/v2\/pages\/1507"}],"collection":[{"href":"https:\/\/www.lsg-group.eu\/web-rs\/wp-json\/wp\/v2\/pages"}],"about":[{"href":"https:\/\/www.lsg-group.eu\/web-rs\/wp-json\/wp\/v2\/types\/page"}],"author":[{"embeddable":true,"href":"https:\/\/www.lsg-group.eu\/web-rs\/wp-json\/wp\/v2\/users\/1"}],"replies":[{"embeddable":true,"href":"https:\/\/www.lsg-group.eu\/web-rs\/wp-json\/wp\/v2\/comments?post=1507"}],"version-history":[{"count":2,"href":"https:\/\/www.lsg-group.eu\/web-rs\/wp-json\/wp\/v2\/pages\/1507\/revisions"}],"predecessor-version":[{"id":1742,"href":"https:\/\/www.lsg-group.eu\/web-rs\/wp-json\/wp\/v2\/pages\/1507\/revisions\/1742"}],"up":[{"embeddable":true,"href":"https:\/\/www.lsg-group.eu\/web-rs\/wp-json\/wp\/v2\/pages\/1270"}],"wp:featuredmedia":[{"embeddable":true,"href":"https:\/\/www.lsg-group.eu\/web-rs\/wp-json\/wp\/v2\/media\/741"}],"wp:attachment":[{"href":"https:\/\/www.lsg-group.eu\/web-rs\/wp-json\/wp\/v2\/media?parent=1507"}],"curies":[{"name":"wp","href":"https:\/\/api.w.org\/{rel}","templated":true}]}}