{"id":1845,"date":"2022-10-09T15:21:45","date_gmt":"2022-10-09T15:21:45","guid":{"rendered":"https:\/\/devsite.lsg-group.eu\/?page_id=1845"},"modified":"2022-10-30T14:31:25","modified_gmt":"2022-10-30T14:31:25","slug":"despre-noi","status":"publish","type":"page","link":"https:\/\/www.lsg-group.eu\/web-rs\/ro\/despre-noi\/","title":{"rendered":"Despre noi"},"content":{"rendered":"<p>Grupul LSG este prezent cu o filial\u0103 \u00een Belgrad \u00eenc\u0103 din 2011 \u015fi a putut s\u0103 termine deja primul proiect \u00een Kragujevac la finalul anului 2011. Biroul local s-a dezvoltat foarte bine\u00a0 \u00een 2012 \u015fi prezint\u0103 o tendin\u0163\u0103 ascendent\u0103 clar\u0103.<\/p>\n<p>Grupul LSG lucreaz\u0103 intens pe pia\u0163a s\u00e2rb\u0103 \u015fi a\u015fteapt\u0103 cu ner\u0103bdare cre\u015fterea viitoare \u00een Serbia.<\/p>\n<p>Grupul \u00abLSG GROUP\u00bb este un partener competent \u015fi de \u00eencredere \u00een domeniul serviciilor mecanice, electrice \u015fi de automatizare destinate clien\u0163ilor industriali \u015fi comerciali.<\/p>\n","protected":false},"excerpt":{"rendered":"<p>Grupul LSG este prezent cu o filial\u0103 \u00een Belgrad \u00eenc\u0103 din 2011 \u015fi a putut s\u0103 termine deja primul proiect \u00een Kragujevac la finalul anului 2011. Biroul local s-a dezvoltat foarte bine\u00a0 \u00een 2012 \u015fi prezint\u0103 o tendin\u0163\u0103 ascendent\u0103 clar\u0103. Grupul LSG lucreaz\u0103 intens pe pia\u0163a s\u00e2rb\u0103 \u015fi a\u015fteapt\u0103 cu ner\u0103bdare cre\u015fterea viitoare \u00een Serbia. [&hellip;]<\/p>\n","protected":false},"author":1,"featured_media":588,"parent":0,"menu_order":0,"comment_status":"closed","ping_status":"closed","template":"contentpage_fullwidth.php","meta":[],"acf":[],"_links":{"self":[{"href":"https:\/\/www.lsg-group.eu\/web-rs\/wp-json\/wp\/v2\/pages\/1845"}],"collection":[{"href":"https:\/\/www.lsg-group.eu\/web-rs\/wp-json\/wp\/v2\/pages"}],"about":[{"href":"https:\/\/www.lsg-group.eu\/web-rs\/wp-json\/wp\/v2\/types\/page"}],"author":[{"embeddable":true,"href":"https:\/\/www.lsg-group.eu\/web-rs\/wp-json\/wp\/v2\/users\/1"}],"replies":[{"embeddable":true,"href":"https:\/\/www.lsg-group.eu\/web-rs\/wp-json\/wp\/v2\/comments?post=1845"}],"version-history":[{"count":4,"href":"https:\/\/www.lsg-group.eu\/web-rs\/wp-json\/wp\/v2\/pages\/1845\/revisions"}],"predecessor-version":[{"id":2296,"href":"https:\/\/www.lsg-group.eu\/web-rs\/wp-json\/wp\/v2\/pages\/1845\/revisions\/2296"}],"wp:featuredmedia":[{"embeddable":true,"href":"https:\/\/www.lsg-group.eu\/web-rs\/wp-json\/wp\/v2\/media\/588"}],"wp:attachment":[{"href":"https:\/\/www.lsg-group.eu\/web-rs\/wp-json\/wp\/v2\/media?parent=1845"}],"curies":[{"name":"wp","href":"https:\/\/api.w.org\/{rel}","templated":true}]}}